*2 + 5*x - 1. Let w be g(-3). Let s(i) be the first derivative of i**2 + 14*i - 20. Calculate s(w).
0
Let n = 36 - 33. Let b(h) = -7*h**2 + 3*h + h**2 - n*h + 1. Give b(1).
-5
Let y(v) = 1. Suppose 25 = 3*b + 7. Let p(j) = -j + 3. Let a(l) = b*y(l) - 3*p(l). Give a(2).
3
Let i(u) = -u**2 - 3*u - 4. Suppose -4*d - 1 = -d - v, 15 = -5*d - 5*v. Let t be d*(-8)/4 + -8. Let h be (-3)/t + (-9)/2. Calculate i(h).
-8
Let d be ((-1)/(1/2))/((-6)/39). Suppose 5*k + d + 7 = 0. Let b(z) = -2*z**2 - 5 + 0*z**2 + 3*z**2. Determine b(k).
11
Let v(l) = -l - 2. Let t = -72 + 88. Suppose t = -2*m + 3*y, -4*m + y + 3 = -5*m. Give v(m).
3
Let c(q) be the second derivative of -1/6*q**3 + 0 - 9/2*q**2 - 13*q. What is c(-8)?
-1
Let u(z) = -z**2 + 7*z + 3. Suppose 0 = -20*a + 18*a + 76. Let p = 44 - a. Determine u(p).
9
Let g(r) = 11*r**2 + 2*r - 9*r**2 + 0 - 1. Let i be g(1). Suppose 5 + 0 = i*b + 5*o, 4*b = -2*o - 12. Let q(c) = c**3 + 4*c**2 - 5*c - 6. Determine q(b).
-6
Let k(s) = -8*s + 2. Let o = 835 + -839. Determine k(o).
34
Let j be 27*(2 - 20/12)*1. Let l(n) = -15*n + j*n - 3 + 0. Give l(-2).
9
Suppose 0*h = -5*h. Let n = 7 + h. Let o(a) = a**2 - n - a**3 - 12 + a + 18. Calculate o(2).
-3
Suppose 4*b + 0*b = -3*z + 19, -5*z = 15. Let n(l) = -5*l**2 + 9*l. Let f(a) = -2*a**2 + a - 2. Let p(h) = -2*f(h) + n(h). What is p(b)?
4
Let a(s) = 81*s - 44*s - 3 + 0 - 43*s. Give a(-2).
9
Let u(w) be the first derivative of -w**4/4 + 7*w**3/3 - 2*w**2 + 10*w - 171. Give u(7).
-18
Let u(f) = f**3 - 7*f**2 - 2*f - 4. Let h be 0 - ((12 - 5) + -11). Let o(k) = 8*k**2 + 4 + 5*k - 2*k + 0*k**2 - k**3. Let v(s) = h*u(s) + 3*o(s). Give v(4).
0
Let l(r) = -2*r**2 + 11*r - 13. Let i = -998 + 1004. Calculate l(i).
-19
Let b(y) = -y**2 + 7*y - 4. Let u be b(5). Let m(l) = -6*l + 44. Let d be m(7). Let h(j) = 7*j**d + 853*j - j**3 - 435*j - 3 - 426*j. Give h(u).
-15
Let f(y) = y**2 - 13*y - 2. Let n(s) = -2*s**2 + 24*s + 4. Let t(m) = 11*f(m) + 6*n(m). Determine t(0).
2
Let l(d) be the first derivative of -d**3/3 + d**2/2 - 2*d - 12. Let n(y) = 2*y**2 - 2*y + 6. Let f(p) = 5*l(p) + 2*n(p). Determine f(-3).
-10
Suppose 210*g - 190*g - 120 = 0. Let h(a) = -a**3 + 6*a**2 + a. What is h(g)?
6
Let u(m) = 2*m**2 + 10*m - 3. Let g(z) = 7*z + 65. Let i be g(-10). Let q be u(i). Let r(f) = -2*f**2 - f + 4. Calculate r(q).
-11
Let y be 135/(-6)*(-92)/138. Let q(m) = 3*m - 46. What is q(y)?
-1
Let i(g) be the first derivative of -g**2/2 - g - 28. Let d(n) = -n**2 - 7. Let p(y) = d(y) - 5*i(y). Give p(3).
4
Let w(k) = 48*k + 1. Let t be ((-3)/(-9))/(9/(-27)). Calculate w(t).
-47
Let a(i) = -i - 8. Let l = -85 + 88. Suppose l*n + 5*n + 48 = 0. Determine a(n).
-2
Let i(o) = 2*o**2 + 3*o + 4. Let h(m) = -11*m**2 + 134*m - 26. Let g be h(12). Determine i(g).
6
Let y(r) = 4*r - 28. Let z be y(9). Suppose -z*a + 20 = 60. Let u(t) = -t**2 - 5*t - 2. Give u(a).
-2
Let f(k) = k**2 - 6*k - 5. Let x = -3 - -47. Suppose -5*j + x = 9. Calculate f(j).
2
Let a(i) = -3*i**2 + i. Let x(t) = 8*t**2 - 10*t + 7. Let u(b) = 3*a(b) + x(b). Let w(h) = -6*h**2 + h. Let m be w(-1). Give u(m).
7
Let x(u) be the third derivative of -u**6/120 + 11*u**5/60 - 3*u**4/8 - 7*u**3/6 - 2*u**2 - 448. What is x(10)?
3
Let a(p) = 7*p**3 + 14*p**2 + 16*p + 13. Let r(w) = -3*w**3 - 6*w**2 - 8*w - 6. Let q(i) = -4*a(i) - 9*r(i). Calculate q(-4).
2
Let h = 1 + 3. Let p(f) = f + 0*f - 2 - 3. What is p(h)?
-1
Let h(s) = 17*s**3 - 58*s**2 + 24*s + 34. Let p(r) = -5*r**3 + 18*r**2 - 8*r - 11. Let v(k) = -2*h(k) - 7*p(k). Give v(9).
0
Suppose 5*b - k = -47, 3*b = 2*k - 13 - 18. Let f(x) = x + 3. What is f(b)?
-6
Let s(w) = -w**3 + 4*w**2 + 6*w - 3. Let d be s(5). Let l(n) = 5*n**d - n**3 + 2 - 5 - n + 2. Suppose -19 = -3*k - b, 8*k - 3*b = 10*k - 22. Give l(k).
-6
Let r(o) = o**3 - 8*o**2 + 13*o + 20. Let i be r(4). Let d(n) = n**3 - 10*n**2 + 16*n - 6. What is d(i)?
-6
Let f(l) = -l**3 - 8*l**2 - 6*l - 2. Let c = -300 - -293. Give f(c).
-9
Suppose 0 = -5*z - 5*w + 11 - 36, -5*z - 1 = -3*w. Let m(j) = -j**2 - 5*j - 10. Determine m(z).
-4
Let n(h) = -5*h**2 - 2*h - 3. Let t(a) = -24*a**2 - a - 10. Let l(j) = -36*j**2 - j - 15. Let i(f) = 5*l(f) - 8*t(f). Let p(g) = 2*i(g) + 5*n(g). What is p(-5)?
-10
Let v(q) = -5*q**2 + 7*q - 3. Let m(k) = -12*k**2 + 13*k - 7. Let z(a) = 2*m(a) - 5*v(a). Determine z(6).
-17
Let k(z) = -3*z**2 - 1. Let y(t) = -19*t + 130. Let n be y(7). Give k(n).
-28
Suppose -2 = -i - o + 2, -13 = -3*i - 4*o. Let n(l) = -i - 71*l**2 - 4 - l**3 + 72*l**2. Determine n(0).
-7
Let j(v) = v - 4. Let w(x) = 78 - 22*x + 3*x + x**2 - 37. Let f be w(17). What is j(f)?
3
Let o(d) = 2*d + 8. Let a(h) = 2*h**2 + 10*h + 3. Let g be a(-5). Let c be 1*g + 0/(-1) + 3. Determine o(c).
20
Let x(v) = v - 6. Let j be x(14). Let m = j - 5. Suppose -4*a + 2*y = 16, 0 = -3*a + 2*y - m*y - 22. Let k(f) = f**2 + 7*f + 9. Calculate k(a).
3
Suppose 2*o = o. Suppose -9*f + 8*f + 3 = o. Let u(m) = 2*m**2 - m - 3. Give u(f).
12
Let s(c) = c**2 - 16*c + 35. Let g be s(13). Let n(p) = 2*p**2 - 2*p - 9. Give n(g).
31
Suppose 0 = 5*q + t + 12, -q - 5*t = -6*q - 30. Let m = -3 + q. Let y(x) = -x**2 - 6*x - 6. Calculate y(m).
-6
Let y(z) = 3*z**2 + 4*z + 3. Let c(d) = -6*d - 105. Let j be c(-17). What is y(j)?
18
Let g(t) = -4*t**2 + 2 + 0*t**2 + t**3 + 2. Let m be (-210)/(-60) - 2/(-4). Determine g(m).
4
Let z(x) = 1089*x + 153 - 1088*x - 161. Give z(4).
-4
Suppose -4*a - 1 + 9 = 0. Suppose n = 6 - a. Let u(o) = 2*o - 1 + 3 + 0*o. Calculate u(n).
10
Let r(o) = -6*o + 0*o + 3*o. Let z be r(-5). Suppose -3*c = 3*k - z, 2*c + 10 = -5*k + 4*c. Let s(d) = -d**3 + d**2 - d - 6. Give s(k).
-6
Let v(f) = -105*f + 8 - 112*f + 325*f - 106*f + 21. Give v(-10).
9
Let v be ((-24)/20)/(16/40). Let s(a) = a**3 + 2*a**2 - a - 3. What is s(v)?
-9
Let r(m) = m**2 + 5*m. Let q be r(-4). Let d(j) be the third derivative of j**4/8 - j**3/3 + 2*j**2 + 120*j. Calculate d(q).
-14
Let b(g) be the second derivative of -5*g + 2*g**2 + 1/3*g**3 + 0 - 1/12*g**4. Let s(m) be the first derivative of b(m). Give s(2).
-2
Let j(v) = -v**2 + 3*v + 3. Let u be (-34)/(-6) + (6 - (-119)/(-21)). Determine j(u).
-15
Let g(a) = -2*a**3 - 8*a**3 + 7*a**2 + 11*a**3 - 8*a + 8. Calculate g(-8).
8
Let n(d) = -d**3 + 2*d**2 + d. Let m(i) = -3*i**3 + 6*i**2 + 3*i. Let f(h) = 6*m(h) - 17*n(h). What is f(2)?
2
Let k(c) = -c**2 - 2*c + 139. Let t be k(-13). Let w(f) = -f**3 - 3*f**2 + 6*f + 2. Determine w(t).
-6
Let x be 22/143 + (-134)/26 + 1. Let j(g) = g**2 - 6*g - 5. Give j(x).
35
Let s(i) = -5*i. Let z be (-10)/(-4)*(-216)/(-90). Determine s(z).
-30
Let u(o) = 0*o + 11*o + 12 - 15*o + 23 + 5*o. Give u(-25).
10
Suppose -119*k + 36 = -115*k. Let r(w) = -2*w**2 + 15*w + 25. Give r(k).
-2
Let w(s) = -s**2 - 3*s + 2. Suppose 3*z = z + 8. Let r be 1/z + 6/(-24). Let x(y) = -y**2 - 3. Let h be x(r). Calculate w(h).
2
Let d(f) be the third derivative of -f**5/60 + f**4/6 - 2*f**3/3 + 265*f**2. Determine d(0).
-4
Suppose 5*n = -4*x - 18, -x - 15 = 3*n - 0*x. Let v(a) be the third derivative of -a**5/60 - 5*a**4/24 + 4*a**3/3 - 15*a**2. What is v(n)?
2
Let q(v) = v**3 + v**2 - 2*v. Let u be q(2). Suppose -16*s - u = -18*s. Let d(k) = k + 1. Determine d(s).
5
Let b(q) be the first derivative of -5*q**3/3 + 2*q**2 - 414. Calculate b(-3).
-57
Suppose n + 24 = 4*m, 4*m + 0*m = -2*n + 12. Let b(k) = -k**2 + 7*k - 6. Let c be b(m). Let w(a) = -c*a**2 + 4*a**2 + a**2. Determine w(1).
1
Let l(y) = -5*y**2 + 10*y - 2. Let u(g) = -6*g**2 + 11*g - 2. Let o(f) = 5*l(f) - 4*u(f). Let p be (8/(16/26) - 2) + -7. What is o(p)?
6
Let i(n) be the second derivative of n**4/12 + 5*n**3/6 + n. Let j be -4*(1 + -14)*1. Let k = j + -57. Give i(k).
0
Let h be 11/132 - 109/12. Let j(t) = 4*t + 43. Determine j(h).
7
Let v(j) = -j**3 - 6*j**2 + 9*j + 7. Suppose 2*d - 35 = 5*k + 10, -3*k = 2*d + 11. What is v(k)?
-7
Let k be (12/(-3))/(1 + -3). Suppose k = 3*n - 4. Let j(a) = 4*a - 1. Calculate j(n).
7
Let b(y) = -y**3 - 4*y**2 + 3*y + 9. Let m = -173 + 169. Give b(m).
-3
Let s(y) be the third derivative of 29*y**6/120 - y**5/30 + y**4/12 - y**3/6 + 25*y**2. Give s(1).
28
Let x(s) = 2*s**3 + 5*s**2 + 5*s + 2. Let q be 28/(-9) - 85/(-765). Give x(q).
-22
Let j(x) = 10*x - 209. Let g be j(21). Let m(w) = -26*w**2 + w - 1. What is m(g)?
